6?
1101
What is the remainder when 254825 is divided by 858?
857
Calculate the remainder when 336 is divided by 135.
66
Calculate the remainder when 50046 is divided by 22.
18
What is the remainder when 24437 is divided by 1166?
1117
What is the remainder when 23521 is divided by 31?
23
Calculate the remainder when 10637 is divided by 3255.
872
What is the remainder when 13794 is divided by 11?
0
What is the remainder when 1006491 is divided by 335497?
0
What is the remainder when 77123 is divided by 4820?
3
What is the remainder when 170428 is divided by 74?
6
Calculate the remainder when 3176 is divided by 31.
14
What is the remainder when 593300 is divided by 3490?
0
Calculate the remainder when 2766 is divided by 113.
54
What is the remainder when 53541 is divided by 19?
18
What is the remainder when 9909 is divided by 903?
879
Calculate the remainder when 27894 is divided by 1394.
14
Calculate the remainder when 112768 is divided by 172.
108
Calculate the remainder when 24772 is divided by 109.
29
Calculate the remainder when 2479 is divided by 306.
31
What is the remainder when 86649 is divided by 36?
33
Calculate the remainder when 236 is divided by 123.
113
Calculate the remainder when 3646 is divided by 61.
47
What is the remainder when 3434 is divided by 46?
30
What is the remainder when 119670 is divided by 39883?
21
Calculate the remainder when 13915 is divided by 348.
343
Calculate the remainder when 1297963 is divided by 168.
163
What is the remainder when 6134 is divided by 212?
198
Calculate the remainder when 10473 is divided by 44.
1
What is the remainder when 40826 is divided by 1699?
50
Calculate the remainder when 91431 is divided by 10159.
0
Calculate the remainder when 1553999 is divided by 4.
3
What is the remainder when 64924 is divided by 9272?
20
What is the remainder when 963774 is divided by 221?
214
What is the remainder when 148595 is divided by 389?
386
What is the remainder when 5125 is divided by 187?
76
What is the remainder when 194577 is divided by 1306?
1289
What is the remainder when 8589335 is divided by 1754?
1751
Calculate the remainder when 5085 is divided by 1688.
21
Calculate the remainder when 2184 is divided by 7.
0
What is the remainder when 33107 is divided by 6619?
12
What is the remainder when 9309 is divided by 1161?
21
Calculate the remainder when 35470 is divided by 63.
1
What is the remainder when 288613 is divided by 100?
13
Calculate the remainder when 45160 is divided by 7523.
22
Calculate the remainder when 5499 is divided by 690.
669
Calculate the remainder when 2817 is divided by 797.
426
Calculate the remainder when 1316301 is divided by 24.
21
Calculate the remainder when 84599 is divided by 42281.
37
Calculate the remainder when 41465 is divided by 18.
11
What is the remainder when 51709 is divided by 562?
5
Calculate the remainder when 132834 is divided by 185.
4
What is the remainder when 4861 is divided by 24?
13
Calculate the remainder when 9953 is divided by 1244.
1
What is the remainder when 4401 is divided by 248?
185
What is the remainder when 1010187 is divided by 12026?
3
What is the remainder when 235137 is divided by 57?
12
What is the remainder when 25210 is divided by 6279?
94
What is the remainder when 86255 is divided by 18?
17
Calculate the remainder when 18195 is divided by 225.
195
Calculate the remainder when 390198 is divided by 78038.
8
What is the remainder when 4472 is divided by 95?
7
What is the remainder when 25670 is divided by 273?
8
What is the remainder when 4933 is divided by 15?
13
Calculate the remainder when 1602525 is divided by 108.
21
Calculate the remainder when 3040 is divided by 26.
24
What is the remainder when 5578558 is divided by 195?
193
What is the remainder when 24024 is divided by 11998?
28
What is the remainder when 90976 is divided by 408?
400
What is the remainder when 5892 is divided by 1958?
18
Calculate the remainder when 306 is divided by 98.
12
Calculate the remainder when 746 is divided by 208.
122
What is the remainder when 1428149 is divided by 266?
261
What is the remainder when 10581 is divided by 88?
21
Calculate the remainder when 26478 is divided by 852.
66
What is the remainder when 5329 is divided by 536?
505
Calculate the remainder when 104537 is divided by 133.
132
Calculate the remainder when 24597 is divided by 2236.
1
What is the remainder when 6553 is divided by 1585?
213
What is the remainder when 19135 is divided by 132?
127
What is the remainder when 125347 is divided by 213?
103
Calculate the remainder when 83333 is divided by 201.
119
What is the remainder when 2539 is divided by 274?
73
What is the remainder when 17196 is divided by 399?
39
What is the remainder when 19738 is divided by 676?
134
Calculate the remainder when 10862 is divided by 1740.
422
Calculate the remainder when 47414 is divided by 362.
354
What is the remainder when 2413 is divided by 627?
532
Calculate the remainder when 316323 is divided by 101.
92
Calculate the remainder when 48497 is divided by 45.
32
Calculate the remainder when 71423 is divided by 48.
47
Calculate the remainder when 14746 is divided by 591.
562
Calculate the remainder when 5557 is divided by 206.
201
Calculate the remainder when 8544 is divided by 1087.
935
What is the remainder when 10370 is divided by 295?
45
What is the remainder when 63507 is divided by 1136?
1027
Calculate the remainder when 3158 is divided by 3148.
10
What is the remainder when 88581 is divided by 34?
11
What is the remainder when 601742 is divided by 30087?
2
What is the remainder when 179455 is divided by 29908?
7
Calculate the remainder when 517396 is divided by 97.
95
What is the remainder when 8062 is divided by 370?
292
Calculate the remainder when 4539 is divided by 60.
39
Calculate the remainder when 20862 is divided by 4147.
127
Calculate the remainder when 696304 is divided by 678.
676
What is the remainder when 184838 is divided by 46187?
90
What is the remainder when 118188 is divided by 16873?
77
What is the remainder when 24660 is divided by 2420?
460
Calculate the remainder when 31426 is divided by 14.
10
What is the remainder when 12472 is divided by 20?
12
What is the remainder when 3443 is divided by 660?
143
What is the remainder when 8662 is divided by 198?
148
Calculate the remainder when 13496 is divided by 10.
6
What is the remainder when 766704 is divided by 802?
794
Calculate the remainder when 1836 is divided by 28.
16
What is the remainder when 169 is divided by 133?
36
What is the remainder when 5349 is divided by 222?
21
What is the remainder when 25022 is divided by 1326?
1154
What is the remainder when 18935 is divided by 26?
7
What is the remainder when 2649 is divided by 2618?
31
What is the remainder when 3564 is divided by 196?
36
Calculate the remainder when 5830 is divided by 241.
46
Calculate the remainder when 1595806 is divided by 54.
52
Calculate the remainder when 3095100 is divided by 1321.
1318
What is the remainder when 3207 is divided by 643?
635
What is the remainder when 1430 is divided by 445?
95
Calculate the remainder when 9692 is divided by 156.
20
What is the remainder when 3342 is divided by 417?
6
What is the remainder when 3251 is divided by 22?
17
What is the remainder when 916804 is divided by 87?
85
What is the remainder when 44335 is divided by 361?
293
What is the remainder when 3866 is divided by 3680?
186
Calculate the remainder when 252338 is divided by 516.
14
Calculate the remainder when 3119 is divided by 288.
239
What is the remainder when 35622 is divided by 43?
18
Calculate the remainder when 8520 is divided by 6310.
2210
What is the remainder when 11069 is divided by 1106?
9
What is the remainder when 5999 is divided by 17?
15
Calculate the remainder when 184114 is divided by 2166.
4
What is the remainder when 398367 is divided by 82?
11
What is the remainder when 3403 is divided by 1120?
43
What is the remainder when 44991 is divided by 763?
737
What is the remainder when 165725 is divided by 54?
53
Calculate the remainder when 136937 is divided by 29.
28
Calculate the remainder when 19373 is divided by 217.
60
Calculate the remainder when 37823 is divided by 31.
3
Calculate the remainder when 341064 is divided 